590?
170
Suppose 4*p - 3*g = 12066, 2*p + 5*g = -0*p + 5994. Calculate the greatest common factor of 8 and p.
4
Suppose 8 = -3*p + 7*p. Suppose -3*o + 4*s = -p*o + 19, s = -5*o - 137. Let r = 53 + o. Calculate the greatest common divisor of r and 286.
26
Let r be (-1 - 460/(-6))/((-33)/(-198)). Calculate the greatest common divisor of r and 2.
2
Let y = 231 + -228. Let z be 24/(-16)*(-10 + y - -1). What is the greatest common factor of z and 63?
9
Let l = 1463 - -273. Calculate the highest common divisor of 168 and l.
56
Suppose -290*m + 190*m = -15000. Calculate the greatest common factor of 114 and m.
6
Let b(j) = -2*j**3 + 24*j**2 - 63*j + 5. Let o be b(4). What is the highest common divisor of 1098 and o?
9
Let l = 42 - 36. Suppose -l*x = -x - 60. Let f = -99 + 102. What is the highest common divisor of f and x?
3
Let m = -4909 + 5589. What is the greatest common divisor of m and 230?
10
Suppose 161881 - 545573 - 3797858 = -305*c. Calculate the highest common factor of c and 30.
30
Let k be ((-36)/(-27))/(8/(-12)). Let r be (2 - (4 + -6)) + 2 + k. Calculate the highest common divisor of 16 and r.
4
Let c = -4053 - -4253. What is the greatest common divisor of 32 and c?
8
Suppose 24 = 2*d + 2*v, -5*v = -2*d - 2*d + 3. Let y(t) = -t + 34. Let c be y(d). Suppose -24*o + c = -15*o. What is the highest common divisor of o and 15?
3
Let n be (-1)/7 - (-210)/98. Suppose -4*s = -z + 189, -z - n*s + 3*s = -183. Calculate the highest common divisor of z and 1.
1
Let l(t) = t**2 + 6*t + 11. Let d = 5 - 11. Let j be l(d). Let x(o) = -7*o - 36. Let i be x(-13). What is the greatest common divisor of i and j?
11
Suppose -4*o + 5*j = -19417, 7 + 18 = -5*j. What is the highest common factor of o and 24?
24
Suppose 42*n - 54*n + 1260 = 0. Suppose -w - 2 = 0, -3*s + w + 4*w = -73. Calculate the highest common factor of n and s.
21
Suppose 4*k = f + 183, 17*k + 4*f + 147 = 20*k. What is the highest common factor of 99 and k?
9
Suppose -4*a + 5 = -7. Let z = -271 - -274. Suppose z*m - 59 = -5*d, 0*m + 4*d - 61 = -a*m. What is the greatest common factor of m and 161?
23
Suppose -3*l = 5 - 20. Suppose -4*z + 20 = -l*g + 2, 2*g - 6 = -5*z. Let t be z + 0 - (-37)/1. What is the greatest common factor of 13 and t?
13
Let r(b) = b**3 - 3*b**2 + 4*b - 2. Let v be r(2). Suppose v*g = -0*g + 16. Let x = -162842 - -162882. Calculate the greatest common factor of g and x.
8
Suppose -102*y = -104*y + 290. Calculate the highest common divisor of 1015 and y.
145
Suppose 0 = -r - 2*i - 13, r + 3*i + 2*i = -25. Let b(s) = 7 - 136*s + 135*s - 1. Let p be b(r). What is the highest common factor of 44 and p?
11
Let i(k) = -k**3 + 20*k**2 + 23*k - 48. Let s be i(21). Let q be (s/(-4))/3*(-2 + 110). Calculate the greatest common factor of 72 and q.
18
Let m be 7 + 675 - 4/(1*-2). Suppose -m = -65*a + 53*a. What is the highest common divisor of 76 and a?
19
Let h = 9559 + -9451. What is the greatest common factor of 3132 and h?
108
Suppose -3*a - 2*l - 71 = -6*a, 94 = 4*a - 3*l. Suppose a = 2*p + j, -4*p + 65 = -12*j + 17*j. What is the highest common divisor of p and 4?
2
Let u be ((-21)/7)/((1 - 2)*1). Suppose 4 = -u*z + 13. Let s(n) = n**2 + 14*n + 16. Let p be s(-13). Calculate the highest common factor of z and p.
3
Let f = 143 + -143. Suppose -m = m + j + 1249, -3*j + 9 = f. Let u = -396 - m. Calculate the greatest common divisor of u and 10.
10
Let y(f) = 484*f**2 + 2*f - 10. Let n be y(3). Suppose -60*d + 56*d = -n. Calculate the highest common divisor of d and 34.
34
Suppose k - 152 = -f, -6*f - 992 = -12*f + 4*k. Calculate the greatest common divisor of 12320 and f.
160
Suppose 0 = 81*w - 36*w - 6750. Let y(t) = 375*t. Let l be y(1). Calculate the greatest common factor of w and l.
75
Let s(x) = x**2 + 19*x + 53. Let j be s(-16). Suppose -3*f - j*r = -10*r - 87, 2*f = r + 51. Calculate the highest common factor of f and 8.
8
Let p(y) = 27*y + 1576. Let w be p(22). Calculate the greatest common divisor of w and 280.
70
Let d be (-23 - -17)*-1*68. Let y = -161 + d. Calculate the greatest common divisor of y and 76.
19
Let z be (816/(-476))/(6/(-14)) + 66. What is the highest common divisor of z and 18410?
70
Suppose 560 = -3*l - 61. Let i = -142 - l. Calculate the greatest common factor of 15 and i.
5
Let a be -15*(-1 + 4/6). Suppose 0*k - 1 = k. Let v(m) = -21*m**3 - 2*m**2 - m. Let u be v(k). Calculate the highest common factor of a and u.
5
Let r = 25257 - 22083. What is the highest common divisor of r and 690?
138
Let q(t) = -t**2 + 23*t + 38. Let f = -40 + 38. Let g be (f - -20) + (2 - 3). Let x be q(g). What is the greatest common factor of x and 28?
28
Suppose 18*k + 35 = 23*k. Let l be 25/(7/(7 + k)). Calculate the highest common divisor of 275 and l.
25
Let n be -1 + 8 - (-6792 + -16). Suppose 1455 = -8*r + n. What is the greatest common divisor of r and 10?
10
Let c be (-4 + 10)*(-3 - -5). Let i = -9 + c. Suppose i*q + 0*q = 180. Calculate the highest common factor of 12 and q.
12
Suppose -2*v = -2*x + 148, x - 4*x - v + 206 = 0. Let z be 0 - ((-3 - -4) + -41). Calculate the greatest common factor of z and x.
10
Suppose -52*r - 5 = -57*r. Let d be -3 - 2 - (-10)/r. Calculate the highest common factor of 120 and d.
5
Suppose 18*c = 6774 - 2742. Let q = -22 - -37. Let w = 17 + q. Calculate the greatest common factor of w and c.
32
Let s(b) = 5*b**2 + 57*b + 19. Let j be s(-19). Calculate the greatest common factor of j and 1729.
247
Suppose -4*b + q + 65 = -2*b, 9 = 3*q. Suppose -j - 22 = -2*u, 2*u - 8*j - b = -4*j. Suppose 16*n - u*n = 315. Calculate the greatest common factor of n and 18.
9
Let g = -8244 - -10046. What is the greatest common factor of g and 265?
53
Suppose -2185 = -5*t - 5*b, -2*t + 4*b - 55 = -947. What is the highest common factor of t and 33?
11
Suppose 3*n - 3 + 12 = 0. Let l be -4 + (-34)/6*n. Suppose -l*x + 288 = -9*x. What is the greatest common factor of x and 8?
8
Let h(b) = -5*b - 38. Let f be h(-10). Let l(v) = 17*v - 185. Let q be l(f). Calculate the highest common divisor of q and 1.
1
Suppose -31*n + 617 = n + 41. What is the highest common divisor of 531 and n?
9
Let b be (6/4)/((-26)/(-1820)). Suppose -40 = -b*v + 103*v. Calculate the greatest common factor of 25 and v.
5
Let y(a) = a + 79. Let m be y(-5). Calculate the highest common factor of m and 1369.
37
Let x be (-325)/15*(-1)/((-55)/(-66)). What is the greatest common divisor of 1222 and x?
26
Let j = -5 + 5. Suppose a = -0 + 3, j = -3*g + 2*a + 270. Suppose -4*v + 8 = -g. Calculate the highest common factor of 200 and v.
25
Let z be ((-1)/(-1))/(3/6). Let x be ((-17)/(-2) + z)*2. Let r = -81755 + 81769. Calculate the highest common divisor of r and x.
7
Suppose 126 = v + o, -2*v - 3*o = -277 + 22. Let k = -2066 - -2271. What is the greatest common divisor of k and v?
41
Let x(u) = -2*u - 19. Let m(d) = 4 - 6 - 2 + 3. Let q(t) = -5*m(t) + x(t). Let w be q(-9). What is the greatest common factor of 4 and w?
4
Let n(v) = -v**3 - 7*v**2 - 5*v + 8. Let r be n(-6). Suppose r*p + 0 = -4. Let b be (14/5)/(p/(-5)). What is the highest common factor of 7 and b?
7
Let n be ((-36)/(-4) - -32)/(0 - -1). Let u = 35 + n. Calculate the highest common factor of 133 and u.
19
Let z(x) = -8 + 16 - 1 - 2*x + 3. Let q be z(2). Calculate the greatest common factor of 6 and q.
6
Let l(p) = -2*p**2 - 105*p + 109. Let i be l(-53). What is the highest common factor of 1106 and i?
14
Let n = -3 - -2. Suppose 5*u = -m - 13, 5*u + 48 - 1 = m. Let i be n/((-4)/(-36)*m + -2). What is the highest common divisor of 72 and i?
9
Let f = 1824 + -1756. What is the highest common divisor of 578 and f?
34
Suppose 147*r = -19*r + 7968. Let l = 232 + -92. Let s = -68 + l. Calculate the highest common factor of r and s.
24
Let t = -4955 - -5427. What is the greatest common divisor of t and 144?
8
Let w(f) = 96*f + 5751. Let b be w(-57). Calculate the greatest common divisor of 1612 and b.
31
Let i(f) = 2522*f + 266. Let a be i(5). What is the greatest common factor of a and 111?
111
Let y(j) = 24*j + 36. Let n = -87 - -93. Let o be y(n). What is the highest common divisor of o and 40?
20
Let s(g) = -g**3 + 2*g**2 - 18*g + 9. Let a be s(-16). Let j be a/36 - (-2)/(-8). What is the greatest common divisor of j 